 (1 - (11 + -7)) + -14.
50
What is 41 + 142 + (-61 - 63)?
59
What is the value of -2 + -21 - (4442 + -4541)?
76
Evaluate -14 + 11 + -10 + 6 - (1 - 6) - 65.
-67
Evaluate (10 - (-10 + 1 + -7 + -76)) + (44 - 43).
103
Evaluate (15 - 2) + (182 - 166) + 18.
47
Calculate (-6 - -13 - (5 - 4)) + 57 + -26.
37
-6 + 1 + 0 + (115 - (122 + -15))
3
What is (-1012 - -1046) + (-3 - 142) + 2?
-109
Evaluate (4 - -2) + -12 - (9 + 5 + -18).
-2
Evaluate -3 - (-13 + 3 + (-31 - 0) - -9).
29
Calculate 4 + 0 + -21 + 31 - -22.
36
(3 - (11 + -32)) + -41 + 10
-7
Evaluate -12 + (-43 + 13 - -9 - -20) - -127.
114
-1 + (0 - -2) - -23 - (18 + -21 + 3)
24
Evaluate -31 - (10 + 4 + -8 + -22).
-15
What is (838 - 841) + -17 + (-2 + 2 - 1)?
-21
Evaluate -4296 + 4221 - (0 + -113).
38
Calculate 50 + -14 + -4 + 20 + -21.
31
What is -4 + 9 + -64 + 20 - (0 - 3)?
-36
What is (81 - 65) + 44 + -2 + -2?
56
What is the value of 27 + 2 - 44 - (30 - -4)?
-49
Calculate (0 - 4) + (17 + -34 + 12 - -22).
13
26 - -1 - (1494 + -1456 + 0 + -59)
48
What is the value of -61 + 29 - (-61 - -8)?
21
(-2 - (-1 - 24)) + (133 + -306 - -132)
-18
72 - ((-19 - (-27 + 27)) + 42)
49
Calculate 27 + (19 - ((21 - 31) + 5)).
51
What is the value of -55 + 117 + -139 + 107?
30
Evaluate (16 - -10) + (6 + -3 - 13).
16
What is -10 - ((-8 - (-24 + 16) - -21) + -114)?
83
-4 + 0 + 93 + -63 + (27 - -14)
67
Calculate (-28 - -4) + (-38 + 21 - -22).
-19
Calculate 17 + 18 + -26 + (0 - 0) - 14 - 50.
-55
What is the value of -124 + -1 + -3 - (-2347 - -2338)?
-119
What is (-48 - -31) + -33 - 11?
-61
What is the value of 128 - (-98 - -313) - 1?
-88
-13 + 39 - (43 - 33)
16
(20 - (-9 + (27 - 10))) + 0 + 4
16
What is -157 + (9 + -17 + -23 - -19 - -23)?
-146
-4 + 78 + -212 + 194 + (2 + 8 - 1)
65
What is the value of -36 + -66 - (-197 + 0)?
95
What is the value of -12 - (34 - -1 - (80 - (-7 - -69)))?
-29
What is 0 - ((-12 - 2) + 10 - (5 + -4))?
5
(-4 - -16) + (37 - (-6 - 12)) - 4
63
Calculate 17 + 5 + (-1 - 40 - -4) + (-3 - 37).
-55
Calculate (-20 - -119) + -287 - -140.
-48
What is the value of (6 - 4) + 144 + -61 + -30?
55
What is the value of 24 - -18 - 58 - 22?
-38
Calculate 11 + -2 + -1 + (15 - -17) + -26.
14
What is 10 + 13 + -44 + 25 + -11?
-7
What is 132 + (-115 - -17) - 63?
-29
Evaluate 393 + -368 + (1 - (0 + 3)) - -85.
108
(-152 - -85 - -137) + (-3 + 1 - 2) - 6
60
Evaluate -5 - -6 - (-315 + 269).
47
Calculate 124 - ((32 + -46 - (-2 - (-2 - 1))) + -1).
140
Calculate (-5576 - -5433) + (134 - 1).
-10
-29 - (3 + 5 + -5 + -2 - (72 + -68))
-26
Evaluate 6 - ((17 - 11 - 17) + -33 + 0).
50
Evaluate -1 - (40 + -119 - -142).
-64
(-70 - (15 - 14)) + (2 + -14 - -9) + 6
-68
What is the value of -552 - -564 - ((-3 - 0 - -42) + 3)?
-30
Evaluate (0 + -4 - -4) + 0 - (-159 + 104).
55
Calculate -18 + 2 + 14 - (-3 + 5) - 36.
-40
(7 - -12) + 25 + (0 + 1 - (-95 - -88))
52
Evaluate 16 + (6 + -1 - (-84 - (-50 - -20))).
75
What is the value of 3 + -59 + (14 - 48) + 14?
-76
What is (-31 - -42 - 20) + 1 + 12 - 13?
-9
What is (95 - (213 - 107)) + (-1 - 0) + 0 + -28?
-40
-167 + 222 - (-7 - -101)
-39
What is the value of 65 - ((-3 - (9 + -2)) + (-2 - (5 + -13)))?
69
Evaluate 0 + -33 - (-19 + -10 + 41).
-45
32 + -4 - (-12 - ((-14 - 1) + -7)) - -3
21
What is -50 - (-4 + 5 + 1 + (-7 - (14 + -24)))?
-55
Calculate 26 + 44 + -80 - ((11 - 0) + 2).
-23
What is 2241 + -2240 - (2 - 142)?
141
6 + -6 + (13 - 57 - 9) + 3
-50
(2 + 10 - -3) + (-87 - -101)
29
What is the value of (287 - 276) + (6 + (-9 - (5 - 1)) - -76)?
80
What is (-12 - -8) + (-63 - -33)?
-34
What is the value of -432 + 413 - (-41 - -3)?
19
Evaluate 25 - (78 + 13 - 47).
-19
Calculate (-10 - (-1 + 3)) + -40 + -18 + -9 + 0.
-79
What is -44 - ((-12 - 51) + 14)?
5
What is the value of 18 - 10 - ((-22 - 13) + 10)?
33
Evaluate 87 + -1 + 7526 + -7681.
-69
What is the value of 71 + (0 - 1 - (-13 + 17 + (-11 - -6)))?
71
Calculate (29 - 24) + (21 - (24 - (21 - 12))).
11
5794 - 5732 - (0 - -141)
-79
Evaluate -106 + 65 - (32 - 85).
12
(0 + 5 - -5) + (-64 - -50) - -8 - 23
-19
Evaluate -90 - (-60 + (-20 - -16)).
-26
Calculate 9 - -5 - (17 + -4).
1
What is the value of 5 + (-4 - ((-7 + 18 - (-1 - -6)) + -9))?
4
What is the value of (2469 - 2528) + -7 + -2?
-68
What is the value of 27 + -5 + (22 + -10 - 10)?
24
Calculate -43 + -27 + 52 - -87.
69
What is the value of (-14 + -50 - -32) + (0 - 8) + (-3 - 0)?
-43
Calculate 16 + -7 - (7 - (-15 - -18)).
5
Evaluate -6 + 102 + (9 + 5 + 6 + -2 - 13).
101
What is -9 + (-73 - -61) + (-2 - -5) + 91?
73
What is the value of -34 - (-69 - -41) - 78?
-84
Calculate 9 - (7 + 9) - 8 - (-14 + 74).
-75
What is the value of 0 + (2 - 4) - ((5 - 107) + 16 - -14)?
70
What is (29 - 5) + -5 + (-229 - -231)?
21
-12 + 9 - (-51 + 37) - -11
22
What is 49 + 6 + -12 + (-19 + 20 - 2)?
42
What is -48 + 94 - 36 - -44?
54
Evaluate -1 - (-7 - (6 + -9 - (8 + -6 + 33))).
-32
What is (17 + -91 - -9) + 38?
-27
What is -1 + -12 + (-54 - -62) + (-1 - (1 + 0))?
-7
What is the value of 14 - 9 - (38 - 29)?
-4
((45 - 23) + -41 - 63) + -14
-96
131 + -2 + 26 + -97
58
21 + -32 + (-3 - (-15 - -2)) - -46
45
Evaluate (8 - (15 + -41)) + (11 - -5).
50
(-55 - -21) + 9 + (-2 - -17) + -1 - -94
83
11 - (0 + -15 + (5 - (-75 + 52)))
-2
What is the value of -11 - (1 + 9 + -10 + 25 + -4)?
-32
Calculate -1 + 34 - (258 + -254).
29
(-13 - -14 - (11 + -12 - -13)) + 113
102
What is the value of (100 - -5 - 134) + 45?
16
-5 + 67 + -330 + 257 - (-1 - (-24 - 1))
-35
What is -23 + (-72 - -33) + 45 + -1 + 0 + -1?
-19
What is the value of 48 + 86 + -54 - 106?
-26
What is 138 - (-20 - -139 - 34)?
53
Evaluate (256 - 283) + 0 + 1 - -14.
-12
19 - (99 - ((4 - 23) + -25))
-124
Evaluate 456 + -469 + (3 - (2 + (3 - 4) - -2)).
-13
What is -1 + 57 - 114 - -62?
4
What is 6 - (13 + 15 - 19) - (-1 + 87) - 9?
-98
Calculate -28 + (-21 - -136) + -140.
-53
Evaluate 57 - (35 - (-23 - -68)).
67
What is (4 - -7) + 2 - (-18 - (-34 - -31))?
28
Calculate (29 - 0) + (34 - (-47 + 65)).
45
What is the value of 108 - 312 - -202 - (-3 + 2 - 10)?
9
What is 0 + -2 - (-59 + -1 + (9 - 56 - -53))?
52
Evaluate (-16565 - -16386) + -1 + 91.
-89
Calculate 1 - (1 - -74) - (27 + (-13 - -4)).
-92
(-2 - (-2 - -6)) + 10 + -17
-13
Evaluate (28 - (9 + 84 + -5)) + -1.
-61
What is -3 + -54 + 22 + -30 + 27?
-38
Evaluate (1278 - 1270) + -19 + 0.
-11
What is the value of 13 + -1 - (-29 + (37 - (43 - 31)))?
16
Calculate (-16 - -30) + -45 + 39 - -6.
14
What is the value of 55 - (107 - 146) - -3?
97
What is (-3 - -10) + -8 - (-63 + 36 - 54)?
80
Calculate 19 + (-17 + -11 + 10 - (21 + 21)).
-41
Calculate -53 + -29 + (115 - -7).
40
(-2 - -1) + -17 + (-10 - -26) - -2 - 27
-27
Evaluate 119 + 1 - (203 - 54 - 127).
98
-115 + (-3 - 12 - 4 - (-132 - -102))
-104
Evaluate (2 + 23 - 6) + (14 - 5).
28
Evaluate -33 + (-1 - 0) - (475 - (514 - 62)).
-57
6 + (11 - (0 + 0)) + -1585 + 1611
43
137 + -111 + -115 + 37
-52
Calculate 68 - ((-7 - -35) + 23).
17
What is the value of 111 + -89 + -21 + -9 + 2?
-6
Evaluate 12 - ((-12 - 1) + 41).
-16
0 + 9 + -1 - (272 + (196 - 412))
-48
What is the value of -4 + 0 + 4 - (0 + 0) - (-7040 - -7061)?
-21
Evaluate 22 + -1 + -23 - 5 - (63 - -6).
-76
Evaluate 8 + 26 - (21 - -13) - 42.
-42
What is -7 + 4 + (-6 - -7) + 6 - (43 - 38)?
-1
What is -12 + -1 + 4 + (-81 - (-69 + -29))?
8
What is 88 - (43 + -46 + (14 - -21))?
56
-11 + (62 - -4) - (38 - 32)
49
What is the value of 148 + -2 - (19533 - 19393)?
6
Evaluate 11 - (-90 + 38 + 62).
1
Evaluate (-5 + -12 - (110 - 148)) + 34.
55
What is the value of (27 - (6 - (20 + -45))) + (1 - -28)?
25
(155 - 124) + -65 + -8
-42
Evaluate (-11 + 79 - (6 + (-6 - -4) + -7)) + 0.
71
What is the value of 7 - (-1 + (4 + 10 + -19 - 33))?
46
What is -2109 + 1985 + (4 + 1 - (1 + 6 - 8))?
-118
Calculate (2 - -1 - 6) + (1 - (20 + -11 - -78)).
-89
What is the value of -8 + 3 - ((-23 - (-8 - 14)) + -55)?
51
2 + (-5 - 35) + -4603 + 4617
-24
What is the value of -1232 + 1233 - (-15 + -1)?
17
Calculate 37 + -85 - (-98 + 0).
50
What is 7 + (7 - -1 - (59 + -70 - -49))?
-23
(-31 - -2 - (-13 + -4)) + (-1 - (3 - 75))
59
Evaluate 0 + -12 - (-35 + 26) - (8 - 2).
-9
What is -3 - (-31 + 1 + 8 + 6) - 27?
-14
Calculate (230 + -229 - (9 + -1)) + 19 - (-71 - -5).
78
What is the value of 65 + (8 - ((22 - 11) + -19))?
81
What is 4 + 13 - 8 - -3 - (-3 + 5 - -9)?
1
What is the val